{"id":29261,"date":"2021-12-02T17:53:03","date_gmt":"2021-12-02T22:53:03","guid":{"rendered":"https:\/\/awf.world\/?post_type=mec-events&#038;p=29261"},"modified":"2021-12-02T18:06:14","modified_gmt":"2021-12-02T23:06:14","slug":"26e-anniversaire-de-lalliance-cubaine","status":"publish","type":"mec-events","link":"https:\/\/awf.world\/fr\/events\/26e-anniversaire-de-lalliance-cubaine\/","title":{"rendered":"26e anniversaire de l&rsquo;Alliance cubaine"},"content":{"rendered":"<p>Dieu a \u00e9t\u00e9 plus que bon tout au long de cette ann\u00e9e, et pour c\u00e9l\u00e9brer le 26e anniversaire du C&amp;MA de Cuba, nous le ferons avec style avec un grand concert d&rsquo;adoration au Seigneur dirig\u00e9 par la Pastorale nationale des jeunes. Ne manquez pas cette f\u00eate de No\u00ebl intitul\u00e9e EMMANUEL, DIEU AVEC NOUS.<\/p>\n","protected":false},"excerpt":{"rendered":"<p>Dieu a \u00e9t\u00e9 plus que bon tout au long de cette ann\u00e9e, et pour c\u00e9l\u00e9brer le 26e anniversaire du C&amp;MA de Cuba, nous le ferons&hellip;<\/p>\n","protected":false},"author":24,"featured_media":29257,"comment_status":"closed","ping_status":"closed","template":"","meta":{"inline_featured_image":false,"ngg_post_thumbnail":0,"_EventAllDay":false,"_EventTimezone":"","_EventStartDate":"","_EventEndDate":"","_EventStartDateUTC":"","_EventEndDateUTC":"","_EventShowMap":false,"_EventShowMapLink":false,"_EventURL":"","_EventCost":"","_EventCostDescription":"","_EventCurrencySymbol":"","_EventCurrencyCode":"","_EventCurrencyPosition":"","_EventDateTimeSeparator":"","_EventTimeRangeSeparator":"","_EventOrganizerID":[],"_EventVenueID":[],"_OrganizerEmail":"","_OrganizerPhone":"","_OrganizerWebsite":"","_VenueAddress":"","_VenueCity":"","_VenueCountry":"","_VenueProvince":"","_VenueState":"","_VenueZip":"","_VenuePhone":"","_VenueURL":"","_VenueStateProvince":"","_VenueLat":"","_VenueLng":"","_VenueShowMap":false,"_VenueShowMapLink":false},"tags":[208,228,252],"mec_category":[729],"class_list":["post-29261","mec-events","type-mec-events","status-publish","has-post-thumbnail","hentry","tag-amerique-latine","tag-cla-fr","tag-cuba-fr","mec_category-anniversaire"],"_links":{"self":[{"href":"https:\/\/awf.world\/fr\/wp-json\/wp\/v2\/mec-events\/29261","targetHints":{"allow":["GET"]}}],"collection":[{"href":"https:\/\/awf.world\/fr\/wp-json\/wp\/v2\/mec-events"}],"about":[{"href":"https:\/\/awf.world\/fr\/wp-json\/wp\/v2\/types\/mec-events"}],"author":[{"embeddable":true,"href":"https:\/\/awf.world\/fr\/wp-json\/wp\/v2\/users\/24"}],"replies":[{"embeddable":true,"href":"https:\/\/awf.world\/fr\/wp-json\/wp\/v2\/comments?post=29261"}],"wp:featuredmedia":[{"embeddable":true,"href":"https:\/\/awf.world\/fr\/wp-json\/wp\/v2\/media\/29257"}],"wp:attachment":[{"href":"https:\/\/awf.world\/fr\/wp-json\/wp\/v2\/media?parent=29261"}],"wp:term":[{"taxonomy":"post_tag","embeddable":true,"href":"https:\/\/awf.world\/fr\/wp-json\/wp\/v2\/tags?post=29261"},{"taxonomy":"mec_category","embeddable":true,"href":"https:\/\/awf.world\/fr\/wp-json\/wp\/v2\/mec_category?post=29261"}],"curies":[{"name":"wp","href":"https:\/\/api.w.org\/{rel}","templated":true}]}}

<p>Dieu a été plus que bon tout au long de cette année, et pour célébrer le 26e anniversaire du C&amp;MA de Cuba, nous le ferons avec style avec un grand concert d&rsquo;adoration au Seigneur dirigé par la Pastorale nationale des jeunes. Ne manquez pas cette fête de Noël intitulée EMMANUEL, DIEU AVEC NOUS.</p>

<p>Dieu a été plus que bon tout au long de cette année, et pour célébrer le 26e anniversaire du C&amp;MA de Cuba, nous le ferons&hellip;</p>
