{"id":26864,"date":"2021-05-25T08:33:56","date_gmt":"2021-05-25T13:33:56","guid":{"rendered":"http:\/\/awf.world\/events\/assemblee-generale-synodale-de-leglise-de-lalliance-de-la-rdc\/"},"modified":"2021-05-25T08:36:14","modified_gmt":"2021-05-25T13:36:14","slug":"assemblee-generale-synodale-de-leglise-de-lalliance-de-la-rdc","status":"publish","type":"mec-events","link":"https:\/\/awf.world\/fr\/events\/assemblee-generale-synodale-de-leglise-de-lalliance-de-la-rdc\/","title":{"rendered":"Assembl\u00e9e G\u00e9n\u00e9rale Synodale de l\u2019\u00c9glise de l\u2019Alliance de la RDC"},"content":{"rendered":"","protected":false},"excerpt":{"rendered":"","protected":false},"author":24,"featured_media":26869,"comment_status":"closed","ping_status":"closed","template":"","meta":{"inline_featured_image":false,"ngg_post_thumbnail":0,"_EventAllDay":false,"_EventTimezone":"","_EventStartDate":"","_EventEndDate":"","_EventStartDateUTC":"","_EventEndDateUTC":"","_EventShowMap":false,"_EventShowMapLink":false,"_EventURL":"","_EventCost":"","_EventCostDescription":"","_EventCurrencySymbol":"","_EventCurrencyCode":"","_EventCurrencyPosition":"","_EventDateTimeSeparator":"","_EventTimeRangeSeparator":"","_EventOrganizerID":[],"_EventVenueID":[],"_OrganizerEmail":"","_OrganizerPhone":"","_OrganizerWebsite":"","_VenueAddress":"","_VenueCity":"","_VenueCountry":"","_VenueProvince":"","_VenueState":"","_VenueZip":"","_VenuePhone":"","_VenueURL":"","_VenueStateProvince":"","_VenueLat":"","_VenueLng":"","_VenueShowMap":false,"_VenueShowMapLink":false},"tags":[277,401,403],"mec_category":[651],"class_list":["post-26864","mec-events","type-mec-events","status-publish","has-post-thumbnail","hentry","tag-afrique","tag-republique-democratique-du-congo","tag-republique-du-congo-fr","mec_category-conseil-general"],"_links":{"self":[{"href":"https:\/\/awf.world\/fr\/wp-json\/wp\/v2\/mec-events\/26864","targetHints":{"allow":["GET"]}}],"collection":[{"href":"https:\/\/awf.world\/fr\/wp-json\/wp\/v2\/mec-events"}],"about":[{"href":"https:\/\/awf.world\/fr\/wp-json\/wp\/v2\/types\/mec-events"}],"author":[{"embeddable":true,"href":"https:\/\/awf.world\/fr\/wp-json\/wp\/v2\/users\/24"}],"replies":[{"embeddable":true,"href":"https:\/\/awf.world\/fr\/wp-json\/wp\/v2\/comments?post=26864"}],"wp:featuredmedia":[{"embeddable":true,"href":"https:\/\/awf.world\/fr\/wp-json\/wp\/v2\/media\/26869"}],"wp:attachment":[{"href":"https:\/\/awf.world\/fr\/wp-json\/wp\/v2\/media?parent=26864"}],"wp:term":[{"taxonomy":"post_tag","embeddable":true,"href":"https:\/\/awf.world\/fr\/wp-json\/wp\/v2\/tags?post=26864"},{"taxonomy":"mec_category","embeddable":true,"href":"https:\/\/awf.world\/fr\/wp-json\/wp\/v2\/mec_category?post=26864"}],"curies":[{"name":"wp","href":"https:\/\/api.w.org\/{rel}","templated":true}]}}

Assemblée Générale Synodale de l’Église de l’Alliance de la RDC
