{"id":26860,"date":"2021-05-22T09:14:00","date_gmt":"2021-05-22T14:14:00","guid":{"rendered":"http:\/\/awf.world\/events\/diaspora-cma-afrique-webinaire\/"},"modified":"2021-06-08T07:58:35","modified_gmt":"2021-06-08T12:58:35","slug":"diaspora-cma-afrique-webinaire","status":"publish","type":"mec-events","link":"https:\/\/awf.world\/fr\/events\/diaspora-cma-afrique-webinaire\/","title":{"rendered":"Diaspora CMA Afrique Webinaire"},"content":{"rendered":"<p>Dans le cadre de la deuxi\u00e8me \u00e9dition, la Diaspora CMA Afrique organise une rencontre virtuelle sur la th\u00e9matique suivante : \u00ab L&rsquo;Eglise face au(x) d\u00e9fi(s) de l&rsquo;interculturalit\u00e9 \u00bb.<br \/>\nC&rsquo;est dans un esprit de communion fraternelle, de partages de t\u00e9moignages et de contributions \u00e9difiantes que nous tenterons de r\u00e9pondre \u00e0 cette question : comment vivons-nous cette interculturalit\u00e9 dans les \u00e9glises?<br \/>\nCette rencontre virtuelle aura lieu le 26 juin 2021 de 19h \u00e0 20h30 CEST.<\/p>\n","protected":false},"excerpt":{"rendered":"<p>Dans le cadre de la deuxi\u00e8me \u00e9dition, la Diaspora CMA Afrique organise une rencontre virtuelle sur la th\u00e9matique suivante : \u00ab L&rsquo;Eglise face au(x) d\u00e9fi(s)&hellip;<\/p>\n","protected":false},"author":24,"featured_media":26956,"comment_status":"closed","ping_status":"closed","template":"","meta":{"inline_featured_image":false,"ngg_post_thumbnail":0,"_EventAllDay":false,"_EventTimezone":"","_EventStartDate":"","_EventEndDate":"","_EventStartDateUTC":"","_EventEndDateUTC":"","_EventShowMap":false,"_EventShowMapLink":false,"_EventURL":"","_EventCost":"","_EventCostDescription":"","_EventCurrencySymbol":"","_EventCurrencyCode":"","_EventCurrencyPosition":"","_EventDateTimeSeparator":"","_EventTimeRangeSeparator":"","_EventOrganizerID":[],"_EventVenueID":[],"_OrganizerEmail":"","_OrganizerPhone":"","_OrganizerWebsite":"","_VenueAddress":"","_VenueCity":"","_VenueCountry":"","_VenueProvince":"","_VenueState":"","_VenueZip":"","_VenuePhone":"","_VenueURL":"","_VenueStateProvince":"","_VenueLat":"","_VenueLng":"","_VenueShowMap":false,"_VenueShowMapLink":false},"tags":[277,256,200,690],"mec_category":[828],"class_list":["post-26860","mec-events","type-mec-events","status-publish","has-post-thumbnail","hentry","tag-afrique","tag-diaspora-fr","tag-emerald-fr","tag-europe-et-moyen-orient","mec_category-webinaire"],"_links":{"self":[{"href":"https:\/\/awf.world\/fr\/wp-json\/wp\/v2\/mec-events\/26860","targetHints":{"allow":["GET"]}}],"collection":[{"href":"https:\/\/awf.world\/fr\/wp-json\/wp\/v2\/mec-events"}],"about":[{"href":"https:\/\/awf.world\/fr\/wp-json\/wp\/v2\/types\/mec-events"}],"author":[{"embeddable":true,"href":"https:\/\/awf.world\/fr\/wp-json\/wp\/v2\/users\/24"}],"replies":[{"embeddable":true,"href":"https:\/\/awf.world\/fr\/wp-json\/wp\/v2\/comments?post=26860"}],"wp:featuredmedia":[{"embeddable":true,"href":"https:\/\/awf.world\/fr\/wp-json\/wp\/v2\/media\/26956"}],"wp:attachment":[{"href":"https:\/\/awf.world\/fr\/wp-json\/wp\/v2\/media?parent=26860"}],"wp:term":[{"taxonomy":"post_tag","embeddable":true,"href":"https:\/\/awf.world\/fr\/wp-json\/wp\/v2\/tags?post=26860"},{"taxonomy":"mec_category","embeddable":true,"href":"https:\/\/awf.world\/fr\/wp-json\/wp\/v2\/mec_category?post=26860"}],"curies":[{"name":"wp","href":"https:\/\/api.w.org\/{rel}","templated":true}]}}

<p>Dans le cadre de la deuxième édition, la Diaspora CMA Afrique organise une rencontre virtuelle sur la thématique suivante : « L&rsquo;Eglise face au(x) défi(s) de l&rsquo;interculturalité ».<br />
C&rsquo;est dans un esprit de communion fraternelle, de partages de témoignages et de contributions édifiantes que nous tenterons de répondre à cette question : comment vivons-nous cette interculturalité dans les églises?<br />
Cette rencontre virtuelle aura lieu le 26 juin 2021 de 19h à 20h30 CEST.</p>

<p>Dans le cadre de la deuxième édition, la Diaspora CMA Afrique organise une rencontre virtuelle sur la thématique suivante : « L&rsquo;Eglise face au(x) défi(s)&hellip;</p>
