{"id":26710,"date":"2021-04-26T10:17:30","date_gmt":"2021-04-26T15:17:30","guid":{"rendered":"http:\/\/awf.world\/?post_type=mec-events&#038;p=26710"},"modified":"2021-05-28T09:35:03","modified_gmt":"2021-05-28T14:35:03","slug":"rassemblement-en-ligne-des-femmes-de-cla-amada-5","status":"publish","type":"mec-events","link":"https:\/\/awf.world\/fr\/events\/rassemblement-en-ligne-des-femmes-de-cla-amada-5\/","title":{"rendered":"Rassemblement en ligne des Femmes de CLA &#8211; AMADA 5"},"content":{"rendered":"<p>Las femmes de l&rsquo;Alliance de la r\u00e9gion CLA (Am\u00e9rique latine) se r\u00e9unira en ligne le 26 juin sur le th\u00e8me \u00abEn S\u00e9curit\u00e9 en Temps de Crise\u00bb, bas\u00e9 sur 2 Corinthiens 4 : 7.<\/p>\n<p><a href=\"http:\/\/acymecuador.org\/iglesia\/index.php\/inscripciones-acym-2021\/?fbclid=IwAR3XeEinDWsIk_6wJHDjJVyns2oEbycME0RVoFyBmqAHfijtzykOY0QpLos\" target=\"_blank\" rel=\"noopener\">Inscrivez-vous ici.<\/a><\/p>\n","protected":false},"excerpt":{"rendered":"<p>Las femmes de l&rsquo;Alliance de la r\u00e9gion CLA (Am\u00e9rique latine) se r\u00e9unira en ligne le 26 juin sur le th\u00e8me \u00abEn S\u00e9curit\u00e9 en Temps de&hellip;<\/p>\n","protected":false},"author":24,"featured_media":26918,"comment_status":"closed","ping_status":"closed","template":"","meta":{"inline_featured_image":false,"ngg_post_thumbnail":0,"_EventAllDay":false,"_EventTimezone":"","_EventStartDate":"","_EventEndDate":"","_EventStartDateUTC":"","_EventEndDateUTC":"","_EventShowMap":false,"_EventShowMapLink":false,"_EventURL":"","_EventCost":"","_EventCostDescription":"","_EventCurrencySymbol":"","_EventCurrencyCode":"","_EventCurrencyPosition":"","_EventDateTimeSeparator":"","_EventTimeRangeSeparator":"","_EventOrganizerID":[],"_EventVenueID":[],"_OrganizerEmail":"","_OrganizerPhone":"","_OrganizerWebsite":"","_VenueAddress":"","_VenueCity":"","_VenueCountry":"","_VenueProvince":"","_VenueState":"","_VenueZip":"","_VenuePhone":"","_VenueURL":"","_VenueStateProvince":"","_VenueLat":"","_VenueLng":"","_VenueShowMap":false,"_VenueShowMapLink":false},"tags":[208,228,266],"mec_category":[615],"class_list":["post-26710","mec-events","type-mec-events","status-publish","has-post-thumbnail","hentry","tag-amerique-latine","tag-cla-fr","tag-femmes-ministere","mec_category-conference-fr"],"_links":{"self":[{"href":"https:\/\/awf.world\/fr\/wp-json\/wp\/v2\/mec-events\/26710","targetHints":{"allow":["GET"]}}],"collection":[{"href":"https:\/\/awf.world\/fr\/wp-json\/wp\/v2\/mec-events"}],"about":[{"href":"https:\/\/awf.world\/fr\/wp-json\/wp\/v2\/types\/mec-events"}],"author":[{"embeddable":true,"href":"https:\/\/awf.world\/fr\/wp-json\/wp\/v2\/users\/24"}],"replies":[{"embeddable":true,"href":"https:\/\/awf.world\/fr\/wp-json\/wp\/v2\/comments?post=26710"}],"wp:featuredmedia":[{"embeddable":true,"href":"https:\/\/awf.world\/fr\/wp-json\/wp\/v2\/media\/26918"}],"wp:attachment":[{"href":"https:\/\/awf.world\/fr\/wp-json\/wp\/v2\/media?parent=26710"}],"wp:term":[{"taxonomy":"post_tag","embeddable":true,"href":"https:\/\/awf.world\/fr\/wp-json\/wp\/v2\/tags?post=26710"},{"taxonomy":"mec_category","embeddable":true,"href":"https:\/\/awf.world\/fr\/wp-json\/wp\/v2\/mec_category?post=26710"}],"curies":[{"name":"wp","href":"https:\/\/api.w.org\/{rel}","templated":true}]}}

<p>Las femmes de l&rsquo;Alliance de la région CLA (Amérique latine) se réunira en ligne le 26 juin sur le thème «En Sécurité en Temps de Crise», basé sur 2 Corinthiens 4 : 7.</p>
<p><a href="http://acymecuador.org/iglesia/index.php/inscripciones-acym-2021/?fbclid=IwAR3XeEinDWsIk_6wJHDjJVyns2oEbycME0RVoFyBmqAHfijtzykOY0QpLos" target="_blank" rel="noopener">Inscrivez-vous ici.</a></p>

<p>Las femmes de l&rsquo;Alliance de la région CLA (Amérique latine) se réunira en ligne le 26 juin sur le thème «En Sécurité en Temps de&hellip;</p>
