{"id":30731,"date":"2022-02-15T09:41:07","date_gmt":"2022-02-15T14:41:07","guid":{"rendered":"https:\/\/awf.world\/?post_type=mec-events&#038;p=30731"},"modified":"2022-02-15T09:54:57","modified_gmt":"2022-02-15T14:54:57","slug":"facebook-live-con-serge-armand-yao","status":"publish","type":"mec-events","link":"https:\/\/awf.world\/es\/events\/facebook-live-con-serge-armand-yao\/","title":{"rendered":"Facebook Live con Serge-Armand Yao"},"content":{"rendered":"<p>\u00a1Conoce a Serge-Armand Yao!<\/p>\n<p>Serge es un joven pastor de la Iglesia Alianza Cristiana y Misionera de Costa de Marfil. Durante los \u00faltimos 11 a\u00f1os, ha estado involucrado en la formaci\u00f3n b\u00edblica y teol\u00f3gica y en la tutor\u00eda de j\u00f3venes de la Alianza en Costa de Marfil y otras partes de \u00c1frica franc\u00f3fona. \u00c9l y su esposa, Rita Kouassi, son padres de 3 hijos: un ni\u00f1o de 17 a\u00f1os y dos ni\u00f1as (11 y 9 a\u00f1os).<\/p>\n<p>En su tiempo libre, a Serge le gusta caminar por el bosque, jugar al f\u00fatbol, ver pel\u00edculas y documentales cient\u00edficos.<\/p>\n<p>Es nuestro invitado especial en la primera transmisi\u00f3n en vivo de Facebook del a\u00f1o.<\/p>\n<p>\u00a1\u00danete a nosotros!<\/p>\n<p>Tambi\u00e9n puedes verlo en nuestro&nbsp;<a href=\"https:\/\/youtu.be\/gsoIBPlYC4A\" target=\"_blank\" rel=\"noopener\">canal de YouTube<\/a><\/p>\n<p>#SomosAlianza #ConfraternidadMundialDeLaAlianza #JovenesDeAWF<\/p>\n","protected":false},"excerpt":{"rendered":"<p>\u00a1Conoce a Serge-Armand Yao! Serge es un joven pastor de la Iglesia Alianza Cristiana y Misionera de Costa de Marfil. Durante los \u00faltimos 11 a\u00f1os,&hellip;<\/p>\n","protected":false},"author":24,"featured_media":30730,"comment_status":"closed","ping_status":"closed","template":"","meta":{"inline_featured_image":false,"ngg_post_thumbnail":0,"_EventAllDay":false,"_EventTimezone":"","_EventStartDate":"","_EventEndDate":"","_EventStartDateUTC":"","_EventEndDateUTC":"","_EventShowMap":false,"_EventShowMapLink":false,"_EventURL":"","_EventCost":"","_EventCostDescription":"","_EventCurrencySymbol":"","_EventCurrencyCode":"","_EventCurrencyPosition":"","_EventDateTimeSeparator":"","_EventTimeRangeSeparator":"","_EventOrganizerID":[],"_EventVenueID":[],"_OrganizerEmail":"","_OrganizerPhone":"","_OrganizerWebsite":"","_VenueAddress":"","_VenueCity":"","_VenueCountry":"","_VenueProvince":"","_VenueState":"","_VenueZip":"","_VenuePhone":"","_VenueURL":"","_VenueStateProvince":"","_VenueLat":"","_VenueLng":"","_VenueShowMap":false,"_VenueShowMapLink":false},"tags":[279,596,323,390],"mec_category":[799],"class_list":["post-30731","mec-events","type-mec-events","status-publish","has-post-thumbnail","hentry","tag-africa-es","tag-costa-de-marfil","tag-ministerio-de-jovenes","tag-we-are-alliance","mec_category-live-es"],"_links":{"self":[{"href":"https:\/\/awf.world\/es\/wp-json\/wp\/v2\/mec-events\/30731","targetHints":{"allow":["GET"]}}],"collection":[{"href":"https:\/\/awf.world\/es\/wp-json\/wp\/v2\/mec-events"}],"about":[{"href":"https:\/\/awf.world\/es\/wp-json\/wp\/v2\/types\/mec-events"}],"author":[{"embeddable":true,"href":"https:\/\/awf.world\/es\/wp-json\/wp\/v2\/users\/24"}],"replies":[{"embeddable":true,"href":"https:\/\/awf.world\/es\/wp-json\/wp\/v2\/comments?post=30731"}],"wp:featuredmedia":[{"embeddable":true,"href":"https:\/\/awf.world\/es\/wp-json\/wp\/v2\/media\/30730"}],"wp:attachment":[{"href":"https:\/\/awf.world\/es\/wp-json\/wp\/v2\/media?parent=30731"}],"wp:term":[{"taxonomy":"post_tag","embeddable":true,"href":"https:\/\/awf.world\/es\/wp-json\/wp\/v2\/tags?post=30731"},{"taxonomy":"mec_category","embeddable":true,"href":"https:\/\/awf.world\/es\/wp-json\/wp\/v2\/mec_category?post=30731"}],"curies":[{"name":"wp","href":"https:\/\/api.w.org\/{rel}","templated":true}]}}

<p>¡Conoce a Serge-Armand Yao!</p>
<p>Serge es un joven pastor de la Iglesia Alianza Cristiana y Misionera de Costa de Marfil. Durante los últimos 11 años, ha estado involucrado en la formación bíblica y teológica y en la tutoría de jóvenes de la Alianza en Costa de Marfil y otras partes de África francófona. Él y su esposa, Rita Kouassi, son padres de 3 hijos: un niño de 17 años y dos niñas (11 y 9 años).</p>
<p>En su tiempo libre, a Serge le gusta caminar por el bosque, jugar al fútbol, ver películas y documentales científicos.</p>
<p>Es nuestro invitado especial en la primera transmisión en vivo de Facebook del año.</p>
<p>¡Únete a nosotros!</p>
<p>También puedes verlo en nuestro&nbsp;<a href="https://youtu.be/gsoIBPlYC4A" target="_blank" rel="noopener">canal de YouTube</a></p>
<p>#SomosAlianza #ConfraternidadMundialDeLaAlianza #JovenesDeAWF</p>

<p>¡Conoce a Serge-Armand Yao! Serge es un joven pastor de la Iglesia Alianza Cristiana y Misionera de Costa de Marfil. Durante los últimos 11 años,&hellip;</p>
